- 361. Is c(15) composite?
False
Let m = -252 + 257. Suppose l + 85143 = 4*c, -63886 = c - 4*c - m*l. Is c a composite number?
True
Let j(b) = 2*b**3 + 21*b**2 - 12*b - 8. Let r be j(-11). Let z be 2 - (-112)/(-42)*r/2. Is ((-1)/5*z)/(30/22650) prime?
False
Suppose -3*m + 7*m = -2*x - 13990, 0 = -4*m + 4*x - 13960. Is (-3 - m/(-6))*(3 - 5) a composite number?
False
Suppose -20 = -3*x + 3*a + 7, -4*x = 5*a. Suppose -z = -x*y - 27328, 0 = -2*y - 3*z - 9400 - 1521. Let v = -3426 - y. Is v a prime number?
True
Let m be (4/(-1))/2*(-2)/4. Let d be 1 + m + (-27167)/7. Is (d/6)/((-2)/4) prime?
False
Let x = 67175 + -14188. Is x a prime number?
False
Suppose -t + 179995 = 3*a - 59874, 0 = a - 4*t - 79939. Is a a composite number?
True
Suppose 0*y - y + 521 = 3*p, 529 = 3*p - y. Suppose 5*m + 5*x = p + 20, 0 = 3*m - 4*x - 103. Is m prime?
True
Let d be (1 - 2) + 6 + -9 + -26. Let s = -188 + 345. Let z = d + s. Is z a prime number?
True
Let y be (-1118)/(-215) + 2/(-10). Is 914 + y/5 + -1 composite?
True
Is (130 - -33314) + 1*14 a prime number?
False
Suppose 4*j - 1003426 = 2*w, -15*j + 5*w + 1003411 = -11*j. Is j prime?
False
Suppose -6864 = -20*z + 23*z. Let d = z - -3369. Is d a prime number?
False
Suppose 0 = 2*i - 8, -108 = 3*f + 2*i + 307. Let a(x) = x**2 - 28*x + 386. Let v be a(19). Let k = f + v. Is k a prime number?
False
Let p(m) = 9903*m**2 - 11*m - 35. Let i be p(-4). Suppose -24*q + i = -72351. Is q prime?
False
Let q = -155640 - -800873. Is q prime?
True
Let t(a) = 42*a - 150 + 443 + 699*a. Is t(40) a composite number?
True
Suppose -7*o + 4*o = -921. Let k(j) = 65*j + 21. Let n be k(4). Suppose -o - n = -12*r. Is r a prime number?
False
Suppose 0 = 3*i, 0 = 8*p - 6*p - 5*i - 59958 - 62620. Is p prime?
False
Let d(n) = 17*n - 20. Let l be d(2). Suppose -3*w - 5594 = -r, -l - 1 = 5*w. Is r a prime number?
False
Is (6/4)/((-25)/(-1558650)) + -5 + 9 composite?
False
Let c(x) = 2*x**2 + 9*x - 36. Let v be c(-9). Is -3*(-3)/(v/4475) a composite number?
True
Let w(f) = -1245*f**3 - 5*f**2 + 8*f - 10. Let b(m) = -1244*m**3 - 5*m**2 + 7*m - 7. Let i(u) = 7*b(u) - 6*w(u). Is i(-3) composite?
True
Suppose 0 = -3*w + 4*g + 380, -6*w + 2*w + 513 = g. Suppose 14*v - 10*v - 176 = 0. Suppose -w = -4*f + v. Is f prime?
True
Suppose 1489355 = 4*h - 225977. Is h a composite number?
False
Suppose -c - 2 + 5 = 0. Suppose c*g - 2 - 4 = 0. Suppose -o - 2124 = -g*j, j - 583 - 484 = 3*o. Is j composite?
False
Suppose 42*p - 43*p = -16. Let b be (p - 3) + 8/(-2*1). Is (0 - (-583)/3)/(3/b) composite?
True
Suppose 812497 = -133*i + 23138010. Is i a prime number?
True
Let h(k) = -52*k - 69 - 17 - 572*k - 257*k - 21. Is h(-8) a prime number?
False
Suppose u = 4*t + 53, 0 = -4*t - u - 0*u - 43. Let h be (306/t)/(2/(-4)). Suppose h = 3*z - 2*z. Is z a composite number?
True
Let s(a) = -38*a**3 - 3*a**2 - 2*a - 3. Suppose 4*f + 4 = -l, 4*f - 4 = -2*l - l. Suppose -2*p - 12 = l*p. Is s(p) composite?
False
Suppose -k + t = -24959 - 10604, -4*k + 3*t + 142258 = 0. Is k a composite number?
False
Let o(j) = 94*j**2 - 8*j - 12. Let z be o(-6). Suppose -76 + 6 = -14*d. Suppose 2*r + p - z = -p, d*p + 5154 = 3*r. Is r composite?
True
Suppose -13119867 + 56560792 + 65571641 = 174*f. Is f a composite number?
True
Suppose 142853597 = 111*t + 116*t. Is t a composite number?
False
Let x = 235607 - 110284. Is x prime?
False
Suppose -4*i + 0*x = 2*x + 94326, 0 = 2*x - 2. Is i*((-10)/4 + 2) a prime number?
False
Is 5 - (-19)/(-4) - (-154214)/8 a composite number?
True
Suppose 92*u + 4*a - 941307 = 91*u, -4*a - 1882554 = -2*u. Is u prime?
False
Let h(r) = -r**3 + 3*r**2 + 5*r - 1. Let g be h(4). Suppose 0*x = g*x - 156. Let p = x - -571. Is p prime?
False
Let a = 696 - 696. Suppose 39 = p - m - 161, a = -4*p + 5*m + 798. Is p a composite number?
True
Suppose 41 + 148 = -3*q. Let p be (q/(-12) + -4)*4. Suppose 6070 = -p*y + 7*y. Is y a prime number?
False
Let s(t) = t**3 + 4*t**2 - 4*t. Suppose -4*n - 33 = -13. Let g be s(n). Is (2554/(-4))/(g/10) prime?
True
Let u = -222 + 246. Is ((-10)/2 - (-252)/u)*274 prime?
False
Let a = -1528664 + 2625703. Is a prime?
True
Let j be (-556)/(-6) - ((-32)/(-12) + -3). Suppose 4*f - j = -73, 3*k = -3*f + 44742. Is k composite?
True
Suppose 28 = 5*q - 17. Let i(b) = 45*b**2 + 4*b + 23. Let m be i(q). Suppose 8*w - m = 1360. Is w composite?
True
Let k = 233 + -236. Let b(f) = f**2 - 13*f - 8. Let o be b(11). Is (k - 12305/o) + 1/(-6) a composite number?
True
Let n(c) = 2*c**3 - 8*c**2 + 5*c + 5. Let p be n(3). Is (p - 4)/((-26)/72241) a composite number?
False
Is ((-2 - -3201) + 6)*5931/45 a prime number?
False
Let p = -1282637 - -1919584. Is p a composite number?
False
Let h(v) = -26*v**3 - 1 - 6 + 3 + 7*v + 0 + 3*v**2. Let a be h(-7). Suppose -l = -4*s - s + 15024, -3*l = -3*s + a. Is s a composite number?
True
Let t(a) = -a**2 - 6*a - 9. Let i be t(-3). Suppose i = -25*c - 6*c + 50623. Is c a prime number?
False
Suppose -4*c - 47 = -39, -12446 = -4*h + 5*c. Is h prime?
True
Is 403438158/4212 - 1/26 a composite number?
False
Let h(t) = 11*t**3 - 27*t**2 + 32*t - 61. Is h(15) composite?
False
Suppose 0 = -5*i + 5*u + 172125, -3*i + 2*u = -2*i - 34429. Is i prime?
True
Suppose 62 = h + v, 2*h + 3*v = 4*h - 144. Suppose -8*u = -4*u - 176. Let x = h - u. Is x composite?
True
Let t(r) = 10177*r + 3084. Is t(37) a composite number?
False
Let c(a) = -a**3 - 2*a**2 - 5*a - 12. Let j(f) = -f**3 - 3*f**2 - 5*f - 11. Let g(y) = -4*c(y) + 3*j(y). Let k be g(-4). Is k/(-10)*1008 - 5 a prime number?
True
Let v be 3 - (-3 + -3 + 4). Suppose 2*k = 2*b + 2 - 14, -v*k - 4*b - 12 = 0. Is (-2)/k + (-1566)/(-12) a composite number?
False
Let n(f) = 40*f**3 + 5*f**2 + 4*f - 49. Let s be n(6). Suppose -7*t + s = -732. Is t a prime number?
True
Let m be (-1)/3*-9*16/12. Suppose 2*o - 8920 = -3*o + 5*h, -m*o = -5*h - 7141. Is o a composite number?
True
Let v(p) = -15*p - 2. Let i be v(-1). Suppose -i*n + 0*n - 15808 = 0. Let y = -275 - n. Is y prime?
True
Suppose 0 = -3*f + 4*o - 4, -4*f - 2*o = 2*o - 4. Suppose -r - 35*x + 32*x + 2783 = f, -r + 2778 = 4*x. Is r prime?
False
Suppose -2*p - 32 = 3*g, 3*g = p + 5*g + 18. Let c(u) = 58*u**2 - 9*u - 53. Is c(p) composite?
True
Let r(x) = 1272*x**2 - 28*x - 121. Is r(-8) prime?
False
Suppose 9*n - 17*n + 24 = 0. Is 12 + 2461 - n*-2 a composite number?
True
Is ((-8)/(-22))/(54/99) - (-10399785)/45 a prime number?
True
Let a be 6/9 + 76/12. Suppose 0 = 3*p - a*p + 848. Let d = p - 85. Is d a composite number?
False
Let x(u) = 630*u + 3457. Is x(119) a prime number?
True
Let s(j) = 682*j - 9 - 87 - 67. Is s(8) prime?
False
Let m(j) = -2430*j**3 + 6*j**2 - 36*j - 5. Is m(-3) composite?
True
Suppose 79*h + 1755449 = 2839342 + 4146302. Is h composite?
True
Let x = 18 - 19. Let a be -819*x*39/9. Is 200/6*a/26 - 3 a prime number?
True
Suppose -2*j + 28*n = 24*n - 507590, 5*j - 4*n = 1268951. Is j a prime number?
True
Suppose 72*f - 11646 - 77922 = 0. Suppose -l = -5*l + 20, -4*a = -5*l - 8355. Let x = a - f. Is x a composite number?
True
Let k(u) = 10*u**3 - 5*u**3 + 8 + 4*u**2 - 11 + 6*u - 3 - 1. Let f be 0 + 2 - -1*2. Is k(f) prime?
True
Suppose -12*w - 7 = -11*w. Let t(l) = -192*l - 10. Let x be t(w). Let k = 2811 - x. Is k prime?
False
Let l(p) = 5*p**2 + 3 - 4 + 4*p**3 - 3*p + 132*p**3 - 3*p. Is l(4) a composite number?
True
Let b(q) = 129*q**2 + 106*q - 1532. Is b(13) prime?
True
Is (196/(-7) + 185273)/(1*5) a prime number?
True
Let w(l) be the third derivative of 7*l**6/20 - l**5/60 - 13*l**4/24 - 5*l**3/2 - 86*l**2. Is w(4) composite?
True
Let d(x) = -33 + 22 - 16 + 2*x. Let o be d(13). Is 1 + -4 + (-1)/o*188 a composite number?
True
Suppose -858 - 1352 = -13*g. Suppose -j + 284 = 3*s, 0 = -4*s - 4*j + 349 + 27. Let p = g + s. Is p a composite number?
True
Let r(y) = -9*y + 24. Let u be r(5). Let l be (-150)/45*u/5. Suppose 0 = -l*t + 11*t + 5529. Is t a prime number?
False
Suppose 0 = k + 1005 - 113. Suppose -18*r = 21*r + 21957. Let p = r - k. Is p prime?
False
Let q = 240 + -268. Is (245/q)/7 + (-37905)/(-20) composite?
True
Suppose -2*p - 86 = -2*h, 0 = -3*p - 9. Suppose -h*z + 424 = 24. Is z a composite number?
True
Let s = 341402 + -222183. Is s a composite number?
True
Let q(h) = 378*h**3 + 3*h - 2. Suppose 0 = -121*t +